)) is divided by 26.
25
Let h(f) = 5*f**2 + 17*f - 3 - 4*f**2 - 15*f. Let l be h(-3). What is the remainder when 13 is divided by 7/((-7)/(-4)) - l?
1
Let s(b) = 3*b - 5. What is the remainder when 50 is divided by s(6)?
11
Let r(a) = -a**3 - 5*a**2 + 2*a + 5. Let m be r(-5). Calculate the remainder when 16 is divided by ((-12)/m)/((-10)/(-25)).
4
Calculate the remainder when 4 + (-3 - 1) + 49 is divided by ((-51)/(-12))/((-1)/(-4)).
15
Let l be 4*(-3 - 6/(-4)). What is the remainder when 23 is divided by (-76)/l - 19/(-57)?
10
Let m(l) = l**2 - 3*l - 2. What is the remainder when 19 is divided by m(-2)?
3
Suppose 0 = -11*l + 107 + 410. Calculate the remainder when l is divided by 16.
15
Let v(s) = 55*s**3 + 2*s**2 - s. What is the remainder when v(1) is divided by 30?
26
Let o = 301 - 142. Let a = o - 109. Suppose 4*c = 50 + 18. Calculate the remainder when a is divided by c.
16
Suppose 160 = 10*y + 40. Calculate the remainder when y is divided by 1.
0
Let v = 10 - -13. Calculate the remainder when 43 is divided by v.
20
Suppose 5*u - 5*j - 58 = 37, -86 = -5*u - 4*j. Suppose -h + 4*v = -9, -2*h + 0*v + u = 3*v. Calculate the remainder when 26 is divided by h.
8
Let k = -9 + 12. Suppose -14 - 46 = -3*t - k*g, -3*g = -2*t + 50. Calculate the remainder when 42 is divided by t.
20
Let x(w) = -w + 4. Let l be x(2). Suppose -31*j = -36*j + 65. What is the remainder when 40 is divided by (1 + j)/(2/l)?
12
Suppose -32 = -6*y + 2*y. Suppose -3 = 4*d - 55. What is the remainder when d is divided by y?
5
Let f(x) = 5*x**2 + 2*x - 3. What is the remainder when f(2) is divided by 0 + 1 + (-10)/(-2)?
3
Let o be 36/16*-2*-2. Suppose o = 3*x + 3*t, -2*x = 2*t + t - 3. Calculate the remainder when 9 is divided by x.
3
What is the remainder when 19 is divided by (-3)/(9/(-24)) + -3?
4
Let b(p) = 2*p + 5. Let y be b(-6). Let h = 13 + y. What is the remainder when 11 is divided by h?
5
Let c be ((-4)/10)/(3/(-30)). Suppose 3*t + t = 2*i + 4, 2*i = -4*t - c. Suppose -z - 2*n - 1 - 1 = t, -3*z = 3*n. What is the remainder when z is divided by 2?
0
Calculate the remainder when 24*(-4 - 48/(-9)) is divided by 13.
6
Let o(z) = 2*z - 3. Let c be 174/8 + 2/8. Let y = c + -15. Calculate the remainder when o(y) is divided by 4.
3
Suppose 2*i = -5*a + 83, -a + 5*i = 2*a - 56. Calculate the remainder when a is divided by (-4 + -1)/(-1 + 0).
2
Let x be (-6)/3 + 2*3. Let p(t) = t**3 - 4*t**2 - 4*t + 2. Let o be p(x). What is the remainder when 4/(-14) + (-74)/o is divided by 2?
1
Let n(k) = k + 8. Let t be n(-6). Let b(u) = 6*u - 5. What is the remainder when b(4) is divided by 8 + (-1 - (2 - t))?
5
Suppose -v - 2*y + 1 = 0, -v + 6*y = 2*y - 19. Let p be 11/4 - (-3)/12. Calculate the remainder when v is divided by (6/5)/(p/10).
3
Suppose -14*r + 4*r + 60 = 0. What is the remainder when 29 is divided by r?
5
Let f = 1 - -24. Calculate the remainder when f is divided by 14.
11
Suppose -10 = -m - 5*v + 38, 3*m - 3*v - 90 = 0. What is the remainder when 129 is divided by m?
30
Let m(l) = -10*l - 1. Let n = 23 - 24. What is the remainder when 24 is divided by m(n)?
6
Suppose 0*b = b + 13. Let g = b - -21. Calculate the remainder when 15 is divided by g.
7
Suppose 0 = 2*o + 2*o + 5*g - 20, -o - 3*g + 12 = 0. Let i be -30 + 3 + -3 + o. Let q = i - -50. Calculate the remainder when 59 is divided by q.
19
Suppose 0 = -3*o + o. Suppose -3*a + 3 = o, 4*a - 21 = -3*m + 34. What is the remainder when 1970/30 - (-1)/3 is divided by m?
15
Let v = -86 - -236. What is the remainder when v is divided by 17?
14
Let n(w) = w**3 + w**2 + w + 1. Let a(d) = -6*d**3 - 5*d**2 - 5*d - 7. Let k(r) = a(r) + 5*n(r). What is the remainder when k(-2) is divided by 4?
2
Let z(d) = -43*d - 5. Let u be z(-7). Suppose 6*q - u = q - i, -58 = -q + i. What is the remainder when q is divided by 15?
14
Suppose 6*d - 119 - 43 = 0. What is the remainder when d is divided by 10?
7
Let d = 21 - 30. Suppose -11*a + 15*a = 124. Let f = a - d. What is the remainder when f is divided by 14?
12
Suppose 2*p = -3*n + 55, -n + 45 = 2*p - 16. Let t = p + -22. Calculate the remainder when 27 is divided by t.
7
Suppose 0*w + 2*r + 294 = -3*w, 4*w = -5*r - 385. Suppose -g - 3*d - 12 = 2*g, 28 = -5*g - d. What is the remainder when (w/6)/(2/g) is divided by 17?
16
Let p(m) = 6*m - 1. Let b be p(1). Let i(j) = -2*j**2 + j**2 + 7*j - 6 + 4*j**2 - 4*j**2. Calculate the remainder when 6 is divided by i(b).
2
Calculate the remainder when (-12)/18*3 - -32 is divided by 2.
0
Let a = 9 + 15. Suppose j + 11 = 24. Calculate the remainder when a is divided by j.
11
Suppose -3*c + 2 + 19 = -4*d, 2*d + 3 = -c. Suppose 0 = -3*m - 5*h + 6, -3*m + 6*m + h = 18. Calculate the remainder when m is divided by c.
1
Let x(s) = 3*s**3 + 17*s**2 - 10*s - 19. What is the remainder when 72 is divided by x(-6)?
2
Let i = -15 - -28. Let o = 0 + 0. Suppose 2*l - 4 - 6 = o. What is the remainder when i is divided by l?
3
Let j be ((-40)/(-12))/((-2)/(-3)). Suppose -2*t + 0*n + 2*n = -26, -2*t - j*n + 26 = 0. Calculate the remainder when t is divided by 7.
6
Suppose -20 = -5*b + 90. Suppose b = 3*d - 2*d. What is the remainder when d is divided by (-4)/(-10) + (-76)/(-10)?
6
Let h = 9 + -12. Let p be -3*h/18*8. Suppose r - 65 = -p*r. Calculate the remainder when 25 is divided by r.
12
Let p be (3/(-2))/(33/(-88)). Suppose p*d = d. Suppose d*o + 28 = o - 4*z, o - 28 = -z. Calculate the remainder when o is divided by 10.
8
Suppose 3 = -3*r - 0. Let z(n) = 13*n**2 + 4*n**2 + n - 3*n - 1. What is the remainder when 53 is divided by z(r)?
17
Suppose -4*u - 17 = -85. What is the remainder when 150 is divided by u?
14
Let w(p) = p**3 + 15*p**2 - 34*p + 24. What is the remainder when 46 is divided by w(-17)?
22
Let w(o) = 7*o**3 - 7*o**2 + 8*o - 6. What is the remainder when w(4) is divided by 28?
26
Let k = 96 + -91. Calculate the remainder when k is divided by 3.
2
Let z(p) = -p**2 - 18*p - 9. What is the remainder when z(-14) is divided by 10?
7
Suppose -3*i = 5*t - 18, 6*i - i + 4 = 3*t. Let v = -4 - -6. Suppose -v*p = t*p - 25. Calculate the remainder when 9 is divided by p.
4
Let b(t) = 2*t**3 - t**2 + t - 2. Calculate the remainder when b(3) is divided by 16.
14
Let l(b) be the second derivative of -2*b**3/3 - 2*b**2 - 4*b. Calculate the remainder when 30 is divided by l(-3).
6
Let z = 113 + -37. What is the remainder when z is divided by 13?
11
Let d be -1 - (1 - 7*1). Suppose -y + 4 = -5*y. Let s = d + y. Calculate the remainder when 10 is divided by s.
2
Suppose -5*k = -4*j - 503, 4*j - 424 = -3*k - k. What is the remainder when k is divided by 13?
12
Suppose -r = 3*r - 292. Let p = r + -17. Suppose x + 3*x = p. Calculate the remainder when 40 is divided by x.
12
Let d = -6 + 10. Let w = 4 - d. Suppose w = -c + 2. Calculate the remainder when 2 is divided by c.
0
Suppose 0 = -5*q - 2269 - 6331. Let b be 6/(-33) - q/22. Suppose 3*r - h = b, -5*r = h + 15 - 145. What is the remainder when r is divided by 9?
8
Suppose -5*o = -6*o + 108. Calculate the remainder when o is divided by 22.
20
Let v(n) = -7*n + 1. Suppose 0 = -b - 1 - 0. Suppose -5*f + 40 = -5*g, 0 = 7*f - 2*f + 3*g - 80. Calculate the remainder when f is divided by v(b).
5
Suppose 5*u - 12 - 33 = -4*j, 3*j - u = 10. Suppose 8*c - 4*c - j*n - 79 = 0, n = 5. Calculate the remainder when c is divided by 7.
5
Suppose -11*c - 745 = -16*c. Calculate the remainder when c is divided by 50.
49
Let u be 98 - ((-2)/2 + 3). Suppose -4*t - u = -3*z, -5*z + 2*t = -2*t - 152. What is the remainder when 81 is divided by z?
25
What is the remainder when 19 is divided by (3/(-2))/((-9)/24)?
3
Suppose 136 = 7*v - 3*v. Let i = 48 + v. What is the remainder when i is divided by 28?
26
Let z = 58 + -41. Suppose 3*t - 15 = 0, 4*c - 6*c + 5*t - z = 0. What is the remainder when 7 is divided by c?
3
Let u = -4 + 14. Calculate the remainder when 18 is divided by u.
8
Let n = -19 - -27. Calculate the remainder when 42 is divided by (33/6)/(4/n).
9
Suppose p - 4 = g, -g + 4*p = -2*g + 1. Let a = -4 - g. Let r = 6 + a. Calculate the remainder when r is divided by 3.
2
Let j = -4 + 4. What is the remainder when 14 is divided by j + 2 + (-12)/(-2)?
6
Calculate the remainder when 59 is divided by (8/36 + (-10)/(-36))*32.
11
Su